{"id":389,"date":"2018-07-03T10:39:40","date_gmt":"2018-07-03T10:39:40","guid":{"rendered":"http:\/\/www.creationplus.de\/?page_id=389"},"modified":"2018-07-18T08:19:12","modified_gmt":"2018-07-18T08:19:12","slug":"mustervideos","status":"publish","type":"page","link":"https:\/\/www.creationplus.de\/?page_id=389","title":{"rendered":"Mustervideos"},"content":{"rendered":"<div>Aufgrund der neuen Datenschutz-Grundverordnung DS-GVO ver\u00f6ffentlichen wir auf unserer Webseite keine Videobeitr\u00e4ge mehr.<\/div>\n<div>M\u00f6chten Sie einen \u00dcberblick \u00fcber die von uns erstellten Produktionen erhalten, so kontaktieren Sie uns bitte.<\/div>\n<div><\/div>\n<div>Gerne stellen wir ihnen eine Auswahl von Beitr\u00e4gen, Ausschnitten und Produktionen zum Download zur Verf\u00fcgung.<\/div>\n<div><\/div>\n<div>Wir bitten um Ihr Verst\u00e4ndnis.<\/div>\n<div><\/div>\n<div><\/div>\n<div><\/div>\n<div><\/div>\n<div><\/div>\n","protected":false},"excerpt":{"rendered":"<p>Aufgrund der neuen Datenschutz-Grundverordnung DS-GVO ver\u00f6ffentlichen wir auf unserer Webseite keine Videobeitr\u00e4ge mehr. M\u00f6chten Sie einen \u00dcberblick \u00fcber die von uns erstellten Produktionen erhalten, so kontaktieren Sie uns bitte. Gerne stellen wir ihnen eine Auswahl von Beitr\u00e4gen, Ausschnitten und Produktionen zum Download zur Verf\u00fcgung. Wir bitten um Ihr Verst\u00e4ndnis.<\/p>\n","protected":false},"author":1,"featured_media":0,"parent":0,"menu_order":0,"comment_status":"closed","ping_status":"closed","template":"","meta":{"om_disable_all_campaigns":false,"_monsterinsights_skip_tracking":false,"_monsterinsights_sitenote_active":false,"_monsterinsights_sitenote_note":"","_monsterinsights_sitenote_category":0,"footnotes":""},"class_list":["post-389","page","type-page","status-publish","hentry"],"aioseo_notices":[],"_links":{"self":[{"href":"https:\/\/www.creationplus.de\/index.php?rest_route=\/wp\/v2\/pages\/389","targetHints":{"allow":["GET"]}}],"collection":[{"href":"https:\/\/www.creationplus.de\/index.php?rest_route=\/wp\/v2\/pages"}],"about":[{"href":"https:\/\/www.creationplus.de\/index.php?rest_route=\/wp\/v2\/types\/page"}],"author":[{"embeddable":true,"href":"https:\/\/www.creationplus.de\/index.php?rest_route=\/wp\/v2\/users\/1"}],"replies":[{"embeddable":true,"href":"https:\/\/www.creationplus.de\/index.php?rest_route=%2Fwp%2Fv2%2Fcomments&post=389"}],"version-history":[{"count":4,"href":"https:\/\/www.creationplus.de\/index.php?rest_route=\/wp\/v2\/pages\/389\/revisions"}],"predecessor-version":[{"id":503,"href":"https:\/\/www.creationplus.de\/index.php?rest_route=\/wp\/v2\/pages\/389\/revisions\/503"}],"wp:attachment":[{"href":"https:\/\/www.creationplus.de\/index.php?rest_route=%2Fwp%2Fv2%2Fmedia&parent=389"}],"curies":[{"name":"wp","href":"https:\/\/api.w.org\/{rel}","templated":true}]}}